s the highest common factor of 55 and w?
5
Suppose -4*c + c = 4*q - 392, 0 = -3*q - c + 289. Calculate the greatest common factor of 38 and q.
19
Suppose -8*p + 11*p - 72 = 0. Calculate the greatest common factor of 6 and p.
6
Suppose -7*h + 29 = -97. Calculate the greatest common divisor of 90 and h.
18
Suppose -14*p + 1169 = -91. What is the highest common divisor of p and 54?
18
Suppose -7*q - 38 = -11*q - 2*k, -q = 3*k - 22. Let i(w) = -w**3 - 5*w**2 - 2*w + 4. Let j be i(-5). What is the highest common divisor of q and j?
7
Let k(s) = s - 8. Let u be k(0). Let c = 10 + u. What is the highest common factor of c and 14?
2
Suppose 0 = 4*x + 4*j - 344, -34 + 14 = -4*j. What is the highest common divisor of 9 and x?
9
Suppose 3*z + 4*d + 36 = 7*z, z = -2*d + 6. What is the highest common divisor of z and 72?
8
Let p = 3 + 3. Suppose -f + 21 = f - 3*q, -3*f - 2*q = -12. What is the highest common divisor of p and f?
6
Suppose 0 - 25 = -5*m. Suppose 2*z - 1 + 5 = 0, m*z = 2*v - 10. Suppose 5*l = -3*d + 41, -4*d - d + l + 59 = v. Calculate the highest common factor of 6 and d.
6
Let v(w) = 50*w**2 + w - 2. Let y be v(1). What is the highest common divisor of y and 7?
7
Suppose r + 19 = 31. Calculate the greatest common factor of 84 and r.
12
Let y be (-2)/(6/(-9)) + 8. Suppose -j - 5*n - y + 31 = 0, 3*n - 12 = -4*j. Let m be 0 - ((-2 - j) + -32). Calculate the highest common factor of 51 and m.
17
Let n be ((-6)/4)/(3/(-4)). Let h be (3/2)/((-33)/(-880)). Suppose -n*z + h = 3*z. Calculate the greatest common divisor of z and 20.
4
Let y be (-4 - (-20)/(-8))*(-5 + -9). Calculate the greatest common factor of y and 13.
13
Suppose -4*p + 29 = -3*h, 2*h = p + 4*h - 10. Let c = 15 - p. Suppose -y - 60 = -4*y + o, -2*y = 5*o - 57. What is the highest common factor of y and c?
7
Let o = 55 - 44. Let y(c) = 13*c**2 - c**3 + 4 - 4 + 3*c + 5. Let s be y(o). What is the greatest common divisor of 28 and s?
28
Let w be ((-2)/6)/((-3)/18). Suppose -w*y = -y. Let v = 6 - y. What is the greatest common factor of 6 and v?
6
Let m be (-664)/(-28) - (-4)/14. Calculate the highest common divisor of 3 and m.
3
Let p(l) = 11*l - 1. Let i be p(1). Let m be -18*(1 + i/(-6)). Let x be (-5)/(-10)*8*3. Calculate the greatest common divisor of x and m.
12
Let c(y) be the second derivative of 0 + 9/20*y**5 + y + 1/12*y**4 + 1/2*y**2 - 1/3*y**3. Let p be c(1). What is the greatest common factor of p and 27?
9
Let a be (-2)/(-4)*(-13 - -13). Let j be (1/(-2))/((-2)/12). Suppose 2*b - j*b + 9 = a. What is the greatest common divisor of b and 72?
9
Suppose 0 = -9*i + 5*i. Suppose 4*y + i*g - 2*g = 72, -4*g - 59 = -3*y. What is the highest common factor of 68 and y?
17
Let v = -63 + 95. What is the highest common factor of v and 4?
4
Let y be 0/(-7 + 3 - -2). Let j = 13 + y. What is the highest common divisor of j and 91?
13
Let w(q) be the second derivative of q**4/12 + q**3/6 + 462*q**2 - q. Let g be w(0). Let d be g/(-35)*10/(-3). Calculate the highest common factor of 8 and d.
8
Let c be 14/2 - (5 + -2). Suppose -g = -q - 3, -10 - 6 = c*q. Let n be (27/(-3))/(-2 - g). What is the highest common divisor of 27 and n?
9
Suppose -b - 1 = 5*c - 2, 4*b + 4*c - 20 = 0. Calculate the greatest common divisor of 24 and b.
6
Suppose -3*o + 8 = s - 0*s, 4*s - 14 = -3*o. Suppose d - 19 = 4*v, s*d - 5*v - 20 = -3*v. Calculate the greatest common divisor of d and 21.
7
Let l = 37 + -12. Suppose -l - 31 = -q. What is the greatest common factor of q and 140?
28
Suppose -5*p + 8 = -2. Suppose -64 = -p*y - 4. Calculate the greatest common factor of 20 and y.
10
Let j(o) = 5*o**2 + 5. Let a be j(-4). Let h = -161 - -178. What is the greatest common factor of h and a?
17
Let p(g) = g**3 - 11*g**2 + g + 1. Let m = 36 + -25. Let h be p(m). Calculate the greatest common divisor of 12 and h.
12
Let a = -2 + 2. Let c = a + 4. Let k(n) = 2*n**3 - 2*n**2 - 2*n. Let u be k(2). What is the highest common divisor of c and u?
4
Let t(k) = -2 + 0*k + 9 + 0 + k. Let s be t(-7). Suppose 0 = l + 4*x - 73, s = -5*x + 2*x - 3. What is the greatest common divisor of l and 7?
7
Let x = -8 + 50. Calculate the highest common divisor of 6 and x.
6
Let h = -59 + 134. What is the greatest common factor of h and 15?
15
Let v be (-6)/(-15)*(-1 - -16). Let z be 12/14*(-2 + 9). Calculate the greatest common divisor of z and v.
6
Let m = 153 + -98. What is the greatest common factor of m and 5?
5
Suppose 4*v - 9*v + 10 = 0. What is the highest common factor of v and 22?
2
Suppose i - 20 = -4*i. Suppose -i*j = -j + 2*w - 51, j - 2*w = 17. What is the greatest common divisor of 85 and j?
17
Suppose 5*z - 2*z + 4*v = 52, -5*v - 10 = 0. Calculate the greatest common divisor of 220 and z.
20
Let f(r) = -32*r + 3 - 23*r - 2 + 4*r. Let w be f(-1). Calculate the highest common divisor of w and 26.
26
Let f(i) = -5*i + 4. Let v be f(-4). Suppose 2*g - v = 40. Calculate the greatest common factor of g and 4.
4
Let q(m) = m**2 + 3*m + 6. Let l be q(-4). Suppose 0 = 4*x - 2*x - 6, 351 = -5*p - 3*x. Let d = p + 142. Calculate the highest common factor of d and l.
10
Suppose -1 + 16 = g. Suppose -s + 2*j = 3 - 9, j + 7 = s. Let c = s - -2. What is the highest common factor of c and g?
5
Let j(b) = b**3 - b**2 - 1. Let g be j(2). Suppose i - 32 = -g*i. Calculate the greatest common divisor of 20 and i.
4
Let a(q) = -q**2 + 8*q - 2. Let m be a(7). Suppose m*j + 31 = 156. Let w = -12 + 17. Calculate the highest common factor of j and w.
5
Suppose -l - 155 = -6*l. Suppose y - l = -k, -4*k - 19 - 25 = -2*y. Let t be (-4)/14 + (-296)/(-7). What is the highest common factor of y and t?
14
Let u be 2 - 4 - -1 - -46. Let v = 24 + -6. What is the highest common divisor of u and v?
9
Let l be 0 + (9/3 - -6). What is the greatest common factor of 45 and l?
9
Suppose -264 = 3*m - 7*m. What is the greatest common factor of 99 and m?
33
Let d(m) = m**2 + 1. Let l be d(2). Suppose 100 = -2*p + 6*p. Calculate the highest common factor of p and l.
5
Suppose 2*p + 5*y - 17 = -2*p, 0 = 4*y + 12. What is the greatest common divisor of p and 56?
8
Let t(s) = s + 40. Let j be t(-7). Calculate the highest common divisor of 33 and j.
33
Let h(o) = -o**2 + 4. Let j be h(0). Let u be j/18 + 440/45. Calculate the highest common divisor of u and 40.
10
Suppose 4*t + 5*i = -8, 5*t + 5*i - 7 = 3*i. Let j(o) = 22*o**3 - 2*o + 1. Let b be j(1). What is the highest common factor of b and t?
3
Suppose 14*x - 7*x - 77 = 0. What is the greatest common divisor of 44 and x?
11
Let z = 3 - 0. Suppose -4*o + 88 = 4*u, -z*u = -2*o - o + 78. What is the highest common divisor of o and 12?
12
Let x be (-9)/7 + 10/35. Let q be (x + 0)*(-1)/1. Let w(k) = k**2 + k + 2. Let r be w(-2). Calculate the greatest common factor of r and q.
1
Let w be (2 + 2/(-2))*2. Let u be w/(-5) - (-108)/(-30). Let y = u + 9. Calculate the greatest common factor of y and 10.
5
Let g be (-29)/(-3) + 7/21. Let w(t) = 2*t**2 + 2*t - 4. Let r be w(3). What is the highest common factor of g and r?
10
Suppose -5*b = -2*b - 36. Let t = 8 + 4. Calculate the highest common factor of t and b.
12
Let z be (-1 - 0)*-4 - 2. Let x be (-4 - -3)*(0 + -1). What is the greatest common factor of z and x?
1
Let x(t) = -t**2 + 5*t + 3. Let g be x(4). Suppose -v + g = -5. What is the highest common factor of v and 12?
12
Let s be 3*(2/(-14) + 29/7). What is the greatest common divisor of s and 12?
12
Let k(y) = 4*y**2 + y. Let w(s) = s**2 + 5*s + 6. Let t be w(-4). Let z be k(t). What is the highest common divisor of 126 and z?
18
Let c(u) = -u**3 + 7*u**2 - 5*u - 5. Let i be c(5). Calculate the greatest common factor of 5 and i.
5
Let h be ((-1)/6*-64)/((-4)/(-18)). What is the greatest common factor of 192 and h?
48
Suppose -18 = 3*r + 9. Let x = r - -29. What is the highest common factor of 10 and x?
10
Let y be -2*(266/(-196) + 1/(-7)). Suppose 0 = -z + 5*z. Let q = 1 - z. Calculate the highest common factor of q and y.
1
Let l be (-1 + 0)/((-6)/(-12)). Let g be l*(-29 - 0) + -3. Calculate the highest common divisor of g and 5.
5
Let o(f) = f**3 - 7*f**2 - 7*f - 14. Let w be o(10). Let x be (12/7)/((-7)/(-98)). What is the highest common divisor of x and w?
24
Let t be (-5 - -6)*(10 + 0). Let r = -32 - -34. Calculate